 Let z(r) = -124*r - 14. List the prime factors of z(t).
2, 3, 101
Let t = -316 - -318. Suppose t*b - 1679 = -m, b + 0*m = 5*m + 812. What are the prime factors of b?
3, 31
Suppose -u + 8 = 2*p, 8*p + u - 20 = 3*p. Suppose -1589 = -3*g - p*o, 0 = 4*g + o - 1290 - 807. Suppose 0 = 8*v - 1315 + g. What are the prime factors of v?
3, 11
Let z(p) = -18*p + 1. Let m be z(0). Suppose 9*o + 3*n = 13*o - 2065, 0 = -n + m. List the prime factors of o.
11, 47
Suppose -3*u = 2*u + 2*h - 4105, 4*u = -4*h + 3284. Let c = u - 459. List the prime factors of c.
2, 181
Suppose -5*j - 2*v + 22 = 0, 3*v - 2 - 9 = -2*j. Suppose -4*g = -0*g - 16, 0 = j*x + 2*g - 848. What are the prime factors of x?
2, 3, 5, 7
Let o = -13 + 19. Suppose 4*n + 316 = o*n. List the prime factors of n.
2, 79
Suppose -4*y + 219212 = 4*m, -33*y = 3*m - 32*y - 164407. List the prime factors of m.
2, 11, 47, 53
Let x(y) = -5*y**3 + 31*y**2 + 4*y + 409. What are the prime factors of x(-24)?
41, 2129
List the prime factors of 41/656 + (537810/(-32))/(-7).
7
Suppose -10 = -2*s, -14*s + 44 = 2*m - 10*s. List the prime factors of -1*m*6/24 - -1799.
2, 449
Let f(x) = -2*x + 33. Let p(s) = -4*s + 9*s - 49 - 2*s. Let r(z) = 8*f(z) + 5*p(z). List the prime factors of r(10).
3
Suppose 21*n = 5*c - 244553, -4*c + 34*n - 29*n + 195607 = 0. What are the prime factors of c?
2, 23, 1063
Let w = 8 + 34. Let r = -39 + w. Suppose r*z + 11 = 263. List the prime factors of z.
2, 3, 7
Let z = -13864 + 41563. List the prime factors of z.
3, 7, 1319
Let i(l) = 3*l**3 + 46*l**2 - 80*l - 48. List the prime factors of i(18).
2, 3, 7, 23
Suppose -104*n + 105*n - 258 = 0. Suppose -5*v - 4*k + n = 0, -10*k - 92 = -2*v - 6*k. What are the prime factors of v?
2, 5
Let u(x) = -x**3 + 3*x**2 - 13*x + 22. Let k be u(2). Suppose 5*p + 5*o - 2390 = k, 4 = 3*o + 1. What are the prime factors of p?
3, 53
Let w(i) = 19447*i**2 + 29*i + 26. List the prime factors of w(-1).
2, 4861
Let z(h) be the first derivative of 8*h**3/3 - 11*h**2/2 - 2*h + 48. What are the prime factors of z(6)?
2, 5, 11
Let i(p) = p**3 - p**2. Let c(l) = -2*l - 9. Let h be c(-3). Let g(y) = -4*y**3 + 3*y**2 - y - 89. Let b(w) = h*i(w) - g(w). What are the prime factors of b(0)?
89
Let m be (-23)/10 + (-3)/(-10) - 2. What are the prime factors of -1 - m - (-1032 - -15)?
2, 3, 5, 17
Let t(v) = v**3 + 34*v**2 + 55*v - 42. Let k be t(-33). Let r = k + 800. What are the prime factors of r?
2
What are the prime factors of (-7 + 7 - 11)*1 + 13295?
2, 3, 41
Let i(h) = h**2. Suppose 7*r - 12 = 13*r. Let g be i(r). List the prime factors of 5887/87 + (g/3)/(-2).
67
Let f(n) = -n + 9. Let s be f(7). Suppose 0*r - 5*r + 4*x = -4, 8 = s*x. Suppose 2*z = r*z - 408. What are the prime factors of z?
2, 3, 17
Let j(m) = -1263*m + 115. What are the prime factors of j(-16)?
20323
Suppose 4*p - 30*v = -26*v + 89880, 67470 = 3*p - 18*v. What are the prime factors of p?
2, 47, 239
Let u(y) = y**2 - 11*y + 5. Let g(z) = z**3 - 4*z**2 + 11. Let h be g(4). Let c be u(h). List the prime factors of 758/c + 10/25 + -4.
2, 37
Let k = 38 + -43. Let c be 10/(-25) - (-13)/k. What are the prime factors of 16 + 1 + c/(-3) + 1?
19
Let o = -82 + 131. Let j = o + -49. Suppose j = -19*x + 13*x + 792. What are the prime factors of x?
2, 3, 11
Suppose 150*q - 84*q - 83*q = -10846. What are the prime factors of q?
2, 11, 29
Let y = 157 + -153. Suppose -3*o + 13 = y*g, 4*o - 15 = -3. What are the prime factors of g + (-684)/(-8) + 9/(-6)?
5, 17
Let o(s) be the second derivative of 45*s - 15*s**2 - 97/6*s**3 + 0. List the prime factors of o(-3).
3, 29
Let a(o) be the first derivative of 134*o**3/3 + 9*o**2/2 - 17*o + 67. What are the prime factors of a(2)?
3, 179
Let g be (-150 - 0)/(-2 + (-125)/(-70)). Suppose 5*n - 900 - g = 0. Suppose n = -8*l + 1088. List the prime factors of l.
2, 3
Suppose -2*i + 54 = 4*u, 0*i + 4*i + 2*u - 138 = 0. Let a be (1*3/2)/(i/(-1406)). Let l = a - -90. List the prime factors of l.
3, 11
Suppose -11*o + 13*o + 205758 = 48*o. List the prime factors of o.
3, 7, 71
Let o(u) = -2913*u + 580. What are the prime factors of o(-10)?
2, 5, 2971
Suppose 2298181 = -162*t + 199*t. What are the prime factors of t?
179, 347
Suppose -3*n - 51*p + 55*p + 99632 = 0, -2*n = -3*p - 66419. What are the prime factors of n?
2, 5, 11, 151
Let w(v) = -v**3 + 2*v**2 + 10*v - 4. Let m be w(4). Suppose -m*r + 12564 = 2*r. List the prime factors of (-14)/(-35) - r/(-15).
2, 5, 7
Let m = -31 + 36. Suppose -3*z - 120 = -2*d, -6*z - 141 = -3*z + m*d. Let v = 81 + z. List the prime factors of v.
3, 13
Let v(j) be the third derivative of -89/120*j**6 + 0*j**3 + 0 - 15*j**2 + 1/24*j**4 + 0*j + 1/30*j**5. What are the prime factors of v(-1)?
2, 3, 5
Let v(y) be the first derivative of 16*y**2 - 135*y - 34. List the prime factors of v(8).
11
Suppose 3*o - 27 = -4*d - d, 0 = -4*d - o + 23. Suppose -d*u - 195 = -2589. What are the prime factors of u?
3, 7, 19
Suppose 0 = 4*x - 2*x - 8. Suppose 0*g + 2440 = x*g. Suppose 625 = 3*p + c - 3*c, -3*p + g = c. What are the prime factors of p?
5, 41
Let g(k) = -165*k + 1. Let z be g(-3). Let x(d) = -d**2 + 9*d + 2. Let v be x(7). Suppose -8*u + v = -z. List the prime factors of u.
2
Let k(u) = 3*u**3 + 9*u**2 - 4*u - 34. Let h be k(-6). Let v = 631 + h. What are the prime factors of v?
3, 11
Let q be 3/((-54)/4) + 215/(-45). Let y be q/20*-4*5. Suppose -8 = -y*x + 132. What are the prime factors of x?
2, 7
Suppose -583 = 4*v - 599. Let q(c) = -c**3 - 6*c**2 - c - 6. Let j be q(-6). Suppose -w - 2*m = j, -3*w - v*m + 6 = 2*w. List the prime factors of w.
2
Let q be ((-45)/(-30))/((-3)/(-52)). Let z = q + 28. Let p = -23 + z. What are the prime factors of p?
31
Suppose -2*t + 16 + 4 = 0. Suppose 5*f + 42 = -u + 5, -t = 5*u. List the prime factors of (-817)/f - ((-12)/(-7) - 2).
3, 13
What are the prime factors of (-292120)/(-15) - 25/15?
3, 6491
Let n = -3004 - -10710. List the prime factors of n.
2, 3853
Suppose 1358*y = 1350*y + 93888. List the prime factors of y.
2, 3, 163
Suppose 8 = -4*x, 0 = m - 4*m - 3*x - 63. Let v = 7 + m. What are the prime factors of (v/18)/(4/(-270))?
3, 5
Let k(g) = 22*g**2 + 35*g + 407. What are the prime factors of k(-17)?
2, 5, 617
Let r be ((-11)/(-2))/(5/10). Let k(d) = 3*d**2 - 17*d - 16. What are the prime factors of k(r)?
2, 5
Let h(y) = 2*y**2 + 68*y + 690. What are the prime factors of h(42)?
2, 3, 131
Suppose 6*v + 75 = 9*v. Suppose 3*c + 127 = l + 983, -5*l = -v. Suppose -2*x + c = -3*t, 2*x - 292 + 11 = 5*t. What are the prime factors of x?
2, 37
Let p = -13167 - -19252. What are the prime factors of p?
5, 1217
Let s(k) be the second derivative of -k**5/20 - 5*k**4/12 + 5*k**3/2 + 3*k**2 + 38*k. Let d be s(-7). What are the prime factors of d + 3 + (-11 - -6) - -74?
71
Let y = 506 + -95. List the prime factors of 1*y + -20 + 16.
11, 37
Suppose -4*n + 2*u = 6, 0 = 11*u - 7*u - 20. What are the prime factors of n - (-34 - 5)/3?
2, 7
Suppose -4*i = -2*v - 0*i + 390, 0 = -3*v + 3*i + 591. Suppose -203*y = -v*y - 4672. What are the prime factors of y?
2, 73
Let u(v) = 40*v - 150 + 2*v**2 - 69*v + 49*v. List the prime factors of u(19).
2, 7, 17
Let k(l) = l**3 - 10*l**2 + 12*l + 8. Let c be k(9). Suppose 17 + c = 4*z. Suppose z*n = 7*n + 138. List the prime factors of n.
23
Suppose 7 = 49*q - 238. Suppose j - 1187 = -a, q*j = 37*a - 32*a + 5905. What are the prime factors of j?
2, 37
Let t(a) = -3347*a + 932. What are the prime factors of t(-15)?
51137
Let g(l) = -11019 + 11073 - 6*l - 2*l. List the prime factors of g(-22).
2, 5, 23
Let x = 95 + -56. Suppose 3*q + p - x = 0, 2*q - 13 = q + p. What are the prime factors of (10/(-9))/(q/39)*-3?
2, 5
Suppose 4*m = 2*l - 6, -4*l = -m - 7*l + 9. Suppose 16*c + 12*c - 12908 = m. What are the prime factors of c?
461
Let y = -37 - 227. Let r be 608/104 + 4/26. What are the prime factors of 0 + -4 - y/r?
2, 5
Suppose -2*h - h - o - 79 = 0, 3*h = 2*o - 94. Let a = 172 + h. List the prime factors of a.
2, 3
Let d = -281 - 117. Suppose 4*h + 626 = 2*g, -11*h - 780 = -6*h - 5*g. Let o = h - d. What are the prime factors of o?
241
Let l = 5876 + -4825. List the prime factors of l.
1051
Let c(d) = -d**3 - 71*d**2 - 168*d + 1527. What are the prime factors of c(-76)?
5, 11, 157
Let p = 3 